f 344820254?
4
What is the thousands digit of 58805877?
5
What is the tens digit of 132843264?
6
What is the tens digit of 196219608?
0
What is the hundred thousands digit of 67538837?
5
What is the ten thousands digit of 72482340?
8
What is the thousands digit of 286702276?
2
What is the tens digit of 2464359776?
7
What is the millions digit of 1283507153?
3
What is the hundreds digit of 1520187564?
5
What is the hundreds digit of 10165241?
2
What is the tens digit of 112966180?
8
What is the millions digit of 897744591?
7
What is the hundreds digit of 21971914?
9
What is the hundred thousands digit of 66720403?
7
What is the hundreds digit of 96912312?
3
What is the thousands digit of 2376629713?
9
What is the hundred thousands digit of 23138800?
1
What is the millions digit of 29687985?
9
What is the units digit of 260694212?
2
What is the units digit of 1651500419?
9
What is the tens digit of 4294081023?
2
What is the units digit of 3789549496?
6
What is the hundred thousands digit of 341071899?
0
What is the thousands digit of 166245273?
5
What is the millions digit of 537970627?
7
What is the millions digit of 127611046?
7
What is the ten millions digit of 297492153?
9
What is the units digit of 106426810?
0
What is the ten millions digit of 62987712?
6
What is the ten thousands digit of 17925367?
2
What is the millions digit of 1357477520?
7
What is the hundred thousands digit of 73925191?
9
What is the hundreds digit of 291649292?
2
What is the hundreds digit of 140897638?
6
What is the thousands digit of 16536324?
6
What is the units digit of 1170336883?
3
What is the ten millions digit of 1896838142?
9
What is the thousands digit of 40522930?
2
What is the ten millions digit of 376900747?
7
What is the ten thousands digit of 806327257?
2
What is the hundred thousands digit of 723468677?
4
What is the units digit of 128357131?
1
What is the hundred thousands digit of 75636639?
6
What is the hundred thousands digit of 24144833?
1
What is the hundred millions digit of 119042145?
1
What is the tens digit of 73372077?
7
What is the hundred millions digit of 873343122?
8
What is the units digit of 1205433378?
8
What is the tens digit of 585016392?
9
What is the ten thousands digit of 88389642?
8
What is the ten millions digit of 356667949?
5
What is the ten millions digit of 4130211806?
3
What is the thousands digit of 22979362?
9
What is the tens digit of 498991310?
1
What is the millions digit of 892933101?
2
What is the hundred thousands digit of 39287478?
2
What is the billions digit of 4573943889?
4
What is the units digit of 6750763?
3
What is the ten thousands digit of 53413636?
1
What is the ten thousands digit of 327771200?
7
What is the units digit of 2703269758?
8
What is the tens digit of 60755878?
7
What is the tens digit of 3630484295?
9
What is the hundreds digit of 122445877?
8
What is the hundred millions digit of 361056685?
3
What is the ten millions digit of 98124148?
9
What is the hundreds digit of 134131503?
5
What is the ten thousands digit of 32112932?
1
What is the ten millions digit of 57164275?
5
What is the thousands digit of 59281668?
1
What is the units digit of 151420028?
8
What is the millions digit of 929337408?
9
What is the units digit of 176712797?
7
What is the units digit of 20573310?
0
What is the hundreds digit of 67211629?
6
What is the hundreds digit of 1196804606?
6
What is the thousands digit of 36546234?
6
What is the hundreds digit of 7006761524?
5
What is the hundreds digit of 15925181?
1
What is the billions digit of 4194494836?
4
What is the millions digit of 111811218?
1
What is the hundreds digit of 3552817584?
5
What is the hundreds digit of 1596320628?
6
What is the hundred thousands digit of 831936208?
9
What is the ten thousands digit of 1763554?
6
What is the tens digit of 416310574?
7
What is the hundreds digit of 19190451?
4
What is the ten thousands digit of 128871784?
7
What is the ten millions digit of 4187518098?
8
What is the hundred thousands digit of 795249767?
2
What is the millions digit of 262518957?
2
What is the ten millions digit of 4002457013?
0
What is the units digit of 251214345?
5
What is the thousands digit of 24712653?
2
What is the hundreds digit of 695778578?
5
What is the hundreds digit of 22751842?
8
What is the millions digit of 62050490?
2
What is the millions digit of 75877663?
5
What is the ten millions digit of 54785539?
5
What is the ten millions digit of 59690525?
5
What is the ten millions digit of 5134274053?
3
What is the ten millions digit of 19454024?
1
What is the ten thousands digit of 2805700715?
0
What is the hundreds digit of 1013422248?
2
What is the hundreds digit of 114038132?
1
What is the hundred thousands digit of 152482744?
4
What is the millions digit of 175838128?
5
What is the hundred millions digit of 990490628?
9
What is the hundreds digit of 203630149?
1
What is the hundred millions digit of 7234799083?
2
What is the billions digit of 1201296793?
1
What is the thousands digit of 61570785?
0
What is the tens digit of 272839721?
2
What is the thousands digit of 473098104?
8
What is the tens digit of 51129232?
3
What is the hundreds digit of 228680022?
0
What is the ten thousands digit of 49180500?
8
What is the units digit of 710872848?
8
What is the hundred thousands digit of 735168071?
1
What is the hundred millions digit of 1887628667?
8
What is the hundred millions digit of 346289315?
3
What is the hundreds digit of 7582950532?
5
What is the thousands digit of 1287565618?
5
What is the ten millions digit of 621812958?
2
What is the ten thousands digit of 2768270072?
7
What is the ten thousands digit of 33742879?
4
What is the thousands digit of 1314557653?
7
What is the thousands digit of 57231973?
1
What is the ten thousands digit of 24696089?
9
What is the tens digit of 1467666499?
9
What is the ten millions digit of 360963964?
6
What is the units digit of 244205949?
9
What is the ten millions digit of 62199890?
6
What is the tens digit of 1237807166?
6
What is the ten thousands digit of 152287191?
8
What is the millions digit of 611212902?
1
What is the millions digit of 2297704885?
7
What is the hundred thousands digit of 477751129?
7
What is the units digit of 65046394?
4
What is the hundred millions digit of 738009631?
7
What is the thousands digit of 4662069200?
9
What is the ten millions digit of 212276170?
1
What is the ten thousands digit of 614765784?
6
What is the units digit of 36005957?
7
What is the ten thousands digit of 806498646?
9
What is the ten thousands digit of 10824284?
2
What is the millions digit of 26092638?
6
What is the ten thousands digit of 87786207?
8
What is the ten millions digit of 2567775722?
6
What is the ten thousands digit of 967143656?
4
What is the millions digit of 382344336?
2
What is the hundred thousands digit of 68724248?
7
What is the thousands digit of 29228358?
8
What is the thousands digit of 13081059?
1
What is the hundred millions digit of 106768255?
1
What is the ten millions digit of 355980585?
5
What is the ten thousands digit of 6065697?
6
What is the units digit of 1877951923?
3
What is the hundred thousands digit of 140857754?
8
What is the units digit of 1732714606?
6
What is the units digit of 108309574?
4
What is the thousands digit of 85999349?
9
What is the hundred millions digit of 3436280165?
4
What is the ten thousands digit of 129698979?
9
What is the hundred thousands digit of 50039069?
0
What is the hundred millions digit of 2093163023?
0
What is the ten thousands digit of 258203450?
0
What is the ten millions digit of 31603660?
3
What is the billions digit of 2384913400?
2
What is the millions digit of 66566589?
6
What is the ten thousands digit of 334719035?
1
What is the billions digit of 1308344672?
1
What is the ten thousands digit of 110656183?
5
What is the millions digit of 32938273?
2
What is the hundred thousands digit of 207592230?
5
What is the thousands digit of 17003967?
3
What is the hundred millions digit of 886179494?
8
What is the hundred thousands digit of 528991251?
9
What is the thousands digit of 2026339?
6
What is the millions digit of 4603907311?
3
What is the ten millions digit of 9043692296?
4
What is the thousands digit of 119669